 is divided by 14.
9
What is the remainder when 154 is divided by 48?
10
Calculate the remainder when 159 is divided by 38.
7
Calculate the remainder when 651 is divided by 109.
106
What is the remainder when 792 is divided by 13?
12
What is the remainder when 1274 is divided by 116?
114
Calculate the remainder when 2046 is divided by 8.
6
What is the remainder when 66 is divided by 8?
2
What is the remainder when 184 is divided by 66?
52
What is the remainder when 1049 is divided by 50?
49
What is the remainder when 2656 is divided by 148?
140
Calculate the remainder when 29 is divided by 18.
11
What is the remainder when 159 is divided by 32?
31
Calculate the remainder when 442 is divided by 56.
50
Calculate the remainder when 1289 is divided by 43.
42
What is the remainder when 239 is divided by 16?
15
What is the remainder when 464 is divided by 132?
68
What is the remainder when 9490 is divided by 6?
4
What is the remainder when 1518 is divided by 117?
114
Calculate the remainder when 151 is divided by 39.
34
What is the remainder when 4617 is divided by 2308?
1
Calculate the remainder when 8832 is divided by 15.
12
What is the remainder when 1330 is divided by 333?
331
What is the remainder when 299 is divided by 123?
53
Calculate the remainder when 2161 is divided by 31.
22
Calculate the remainder when 62099 is divided by 270.
269
Calculate the remainder when 33 is divided by 17.
16
Calculate the remainder when 676 is divided by 207.
55
What is the remainder when 798 is divided by 31?
23
Calculate the remainder when 153 is divided by 11.
10
Calculate the remainder when 337 is divided by 278.
59
What is the remainder when 481 is divided by 98?
89
What is the remainder when 6528 is divided by 59?
38
Calculate the remainder when 63 is divided by 5.
3
Calculate the remainder when 1347 is divided by 264.
27
Calculate the remainder when 400 is divided by 130.
10
Calculate the remainder when 1420 is divided by 89.
85
Calculate the remainder when 40 is divided by 13.
1
Calculate the remainder when 60 is divided by 10.
0
Calculate the remainder when 29 is divided by 26.
3
What is the remainder when 323 is divided by 58?
33
What is the remainder when 206 is divided by 9?
8
What is the remainder when 1533 is divided by 24?
21
What is the remainder when 632 is divided by 158?
0
Calculate the remainder when 15899 is divided by 12.
11
Calculate the remainder when 479 is divided by 138.
65
What is the remainder when 3284 is divided by 48?
20
Calculate the remainder when 5547 is divided by 25.
22
Calculate the remainder when 184 is divided by 37.
36
What is the remainder when 970 is divided by 18?
16
What is the remainder when 115 is divided by 26?
11
Calculate the remainder when 711 is divided by 40.
31
What is the remainder when 2517 is divided by 276?
33
What is the remainder when 161 is divided by 93?
68
What is the remainder when 10557 is divided by 330?
327
Calculate the remainder when 348 is divided by 70.
68
Calculate the remainder when 1324 is divided by 13.
11
What is the remainder when 20964 is divided by 29?
26
Calculate the remainder when 984 is divided by 42.
18
What is the remainder when 153 is divided by 92?
61
What is the remainder when 53 is divided by 28?
25
What is the remainder when 672 is divided by 75?
72
Calculate the remainder when 2576 is divided by 130.
106
What is the remainder when 716 is divided by 12?
8
What is the remainder when 72 is divided by 30?
12
What is the remainder when 681 is divided by 18?
15
What is the remainder when 153 is divided by 63?
27
What is the remainder when 496 is divided by 78?
28
What is the remainder when 7054 is divided by 36?
34
What is the remainder when 176 is divided by 25?
1
What is the remainder when 113 is divided by 15?
8
What is the remainder when 1609 is divided by 26?
23
What is the remainder when 481 is divided by 39?
13
What is the remainder when 263 is divided by 42?
11
What is the remainder when 718 is divided by 166?
54
Calculate the remainder when 5216 is divided by 66.
2
What is the remainder when 14 is divided by 12?
2
What is the remainder when 67 is divided by 14?
11
Calculate the remainder when 5580 is divided by 24.
12
Calculate the remainder when 80 is divided by 27.
26
What is the remainder when 199 is divided by 68?
63
Calculate the remainder when 46 is divided by 32.
14
Calculate the remainder when 228 is divided by 7.
4
Calculate the remainder when 894 is divided by 69.
66
Calculate the remainder when 218 is divided by 36.
2
What is the remainder when 38 is divided by 5?
3
What is the remainder when 2616 is divided by 221?
185
What is the remainder when 4966 is divided by 138?
136
What is the remainder when 1039 is divided by 81?
67
What is the remainder when 1122 is divided by 110?
22
What is the remainder when 419 is divided by 141?
137
Calculate the remainder when 117 is divided by 101.
16
What is the remainder when 332 is divided by 88?
68
What is the remainder when 307 is divided by 32?
19
What is the remainder when 3996 is divided by 13?
5
What is the remainder when 526 is divided by 89?
81
Calculate the remainder when 11727 is divided by 85.
82
What is the remainder when 86 is divided by 7?
2
Calculate the remainder when 353 is divided by 46.
31
Calculate the remainder when 728 is divided by 49.
42
What is the remainder when 43187 is divided by 183?
182
Calculate the remainder when 1543 is divided by 13.
9
What is the remainder when 218 is divided by 53?
6
What is the remainder when 1094 is divided by 18?
14
What is the remainder when 323 is divided by 54?
53
What is the remainder when 1136 is divided by 113?
6
Calculate the remainder when 225 is divided by 12.
9
What is the remainder when 1590 is divided by 177?
174
Calculate the remainder when 74 is divided by 10.
4
Calculate the remainder when 35 is divided by 18.
17
Calculate the remainder when 415 is divided by 135.
10
Calculate the remainder when 1306 is divided by 32.
26
What is the remainder when 239 is divided by 20?
19
Calculate the remainder when 2426 is divided by 17.
12
What is the remainder when 737 is divided by 37?
34
What is the remainder when 141 is divided by 25?
16
What is the remainder when 1872 is divided by 134?
130
What is the remainder when 28 is divided by 6?
4
What is the remainder when 306 is divided by 148?
10
Calculate the remainder when 6148 is divided by 228.
220
Calculate the remainder when 347 is divided by 84.
11
Calculate the remainder when 1997 is divided by 39.
8
Calculate the remainder when 381 is divided by 83.
49
What is the remainder when 517 is divided by 37?
36
Calculate the remainder when 557 is divided by 18.
17
Calculate the remainder when 90 is divided by 12.
6
What is the remainder when 2735 is divided by 99?
62
What is the remainder when 210 is divided by 59?
33
Calculate the remainder when 123 is divided by 122.
1
Calculate the remainder when 299 is divided by 30.
29
Calculate the remainder when 628 is divided by 69.
7
What is the remainder when 1993 is divided by 35?
33
Calculate the remainder when 2267 is divided by 84.
83
Calculate the remainder when 64 is divided by 59.
5
Calculate the remainder when 8317 is divided by 41.
35
Calculate the remainder when 1619 is divided by 135.
134
What is the remainder when 1542 is divided by 12?
6
Calculate the remainder when 8721 is divided by 14.
13
Calculate the remainder when 1002 is divided by 67.
64
Calculate the remainder when 52 is divided by 25.
2
Calculate the remainder when 149 is divided by 4.
1
What is the remainder when 89 is divided by 30?
29
Calculate the remainder when 461 is divided by 29.
26
What is the remainder when 79 is divided by 30?
19
Calculate the remainder when 59 is divided by 11.
4
Calculate the remainder when 180 is divided by 14.
12
What is the remainder when 126 is divided by 29?
10
Calculate the remainder when 316 is divided by 153.
10
Calculate the remainder when 258 is divided by 20.
18
What is the remainder when 3360 is divided by 82?
80
What is the remainder when 43 is divided by 25?
18
What is the remainder when 6270 is divided by 17?
14
Calculate the remainder when 317 is divided by 143.
31
Calculate the remainder when 359 is divided by 19.
17
What is the remainder when 73 is